 the prime factors of 4712482.
2, 373, 6317
List the prime factors of 16920192.
2, 3, 139, 317
List the prime factors of 4935995.
5, 987199
What are the prime factors of 799525?
5, 31981
List the prime factors of 546567.
3, 7, 17, 1531
What are the prime factors of 1077052?
2, 17, 47, 337
List the prime factors of 10174647.
3, 7, 79, 6133
List the prime factors of 1192175.
5, 43, 1109
List the prime factors of 21879229.
21879229
What are the prime factors of 13637575?
5, 7, 77929
List the prime factors of 316676.
2, 17, 4657
What are the prime factors of 25123273?
7, 773, 4643
What are the prime factors of 23742870?
2, 3, 5, 701, 1129
List the prime factors of 8015419.
79, 241, 421
What are the prime factors of 8017879?
8017879
List the prime factors of 503964.
2, 3, 13999
List the prime factors of 540675.
3, 5, 89
List the prime factors of 1771308.
2, 3, 7, 11, 71
List the prime factors of 9158214.
2, 3, 13, 117413
What are the prime factors of 17833193?
7, 2547599
What are the prime factors of 451819?
131, 3449
List the prime factors of 473100.
2, 3, 5, 19, 83
List the prime factors of 44287003.
31, 1428613
List the prime factors of 311151.
3, 17, 6101
List the prime factors of 4381175.
5, 29, 6043
List the prime factors of 10080957.
3, 41, 1999
List the prime factors of 23468086.
2, 11734043
List the prime factors of 647681.
191, 3391
What are the prime factors of 50217?
3, 19, 881
What are the prime factors of 9103182?
2, 3, 11, 137927
List the prime factors of 130415.
5, 26083
List the prime factors of 81566.
2, 17, 2399
List the prime factors of 450815.
5, 90163
List the prime factors of 2049122.
2, 43, 23827
List the prime factors of 18795622.
2, 9397811
List the prime factors of 2967217.
11, 107, 2521
What are the prime factors of 23464?
2, 7, 419
What are the prime factors of 780836?
2, 7, 79, 353
What are the prime factors of 6625892?
2, 7, 13, 109, 167
List the prime factors of 346455.
3, 5, 7699
List the prime factors of 1074467.
47, 22861
List the prime factors of 18110474.
2, 17, 31333
What are the prime factors of 2555348?
2, 19, 33623
What are the prime factors of 677973?
3, 67, 3373
What are the prime factors of 6837746?
2, 59, 57947
List the prime factors of 6727449.
3, 29, 53, 1459
List the prime factors of 290787.
3, 7, 61, 227
List the prime factors of 21201863.
3209, 6607
List the prime factors of 3647274.
2, 3, 31, 19609
What are the prime factors of 188612?
2, 61, 773
What are the prime factors of 48215?
5, 9643
What are the prime factors of 82783?
19, 4357
What are the prime factors of 1015550?
2, 5, 19, 1069
What are the prime factors of 267785?
5, 7, 1093
List the prime factors of 969307.
617, 1571
List the prime factors of 1050492.
2, 3, 87541
What are the prime factors of 15518684?
2, 3879671
List the prime factors of 1216015.
5, 243203
What are the prime factors of 89252?
2, 53, 421
List the prime factors of 3834312.
2, 3, 159763
List the prime factors of 261699.
3, 83, 1051
List the prime factors of 5021602.
2, 2510801
What are the prime factors of 571880?
2, 5, 17, 29
What are the prime factors of 655706?
2, 327853
What are the prime factors of 4379657?
181, 24197
What are the prime factors of 18544488?
2, 3, 53, 61, 239
What are the prime factors of 370742?
2, 185371
List the prime factors of 426625.
5, 3413
List the prime factors of 13186377.
3, 31, 151, 313
List the prime factors of 25542535.
5, 23, 222109
What are the prime factors of 13359901?
59, 367, 617
List the prime factors of 31795.
5, 6359
List the prime factors of 174803.
67, 2609
What are the prime factors of 1635145?
5, 17, 19237
List the prime factors of 71476.
2, 107, 167
List the prime factors of 876230.
2, 5, 87623
What are the prime factors of 25045?
5, 5009
What are the prime factors of 224322?
2, 3, 7, 109
What are the prime factors of 1784837?
829, 2153
List the prime factors of 9436452.
2, 3, 786371
List the prime factors of 737.
11, 67
What are the prime factors of 4513443?
3, 11, 233, 587
What are the prime factors of 2243764?
2, 560941
What are the prime factors of 93958?
2, 109, 431
List the prime factors of 72953.
72953
What are the prime factors of 1209744?
2, 3, 31, 271
List the prime factors of 73350.
2, 3, 5, 163
List the prime factors of 205937.
205937
List the prime factors of 187145.
5, 7, 5347
What are the prime factors of 9233650?
2, 5, 151, 1223
List the prime factors of 3159117.
3, 13, 31, 67
What are the prime factors of 938152?
2, 117269
List the prime factors of 166773.
3, 23, 2417
What are the prime factors of 8563478?
2, 7, 11, 17, 3271
List the prime factors of 984390.
2, 3, 5, 11, 19, 157
List the prime factors of 6423231.
3, 31, 69067
List the prime factors of 2433625.
5, 19469
List the prime factors of 845916.
2, 3, 157, 449
List the prime factors of 1482584.
2, 185323
What are the prime factors of 524621?
107, 4903
List the prime factors of 517441.
67, 7723
List the prime factors of 13446367.
11, 111127
List the prime factors of 8303578.
2, 67, 61967
List the prime factors of 120258.
2, 3, 17, 131
List the prime factors of 1547306.
2, 17, 2677
What are the prime factors of 955958?
2, 431, 1109
What are the prime factors of 22995?
3, 5, 7, 73
What are the prime factors of 6028310?
2, 5, 602831
What are the prime factors of 1084758?
2, 3, 180793
List the prime factors of 216149.
216149
List the prime factors of 9149267.
9149267
What are the prime factors of 2116908?
2, 3, 17, 1153
What are the prime factors of 213728?
2, 6679
What are the prime factors of 25306655?
5, 11, 127, 3623
What are the prime factors of 4955888?
2, 7, 44249
List the prime factors of 7243727.
983, 7369
What are the prime factors of 2738300?
2, 5, 139, 197
What are the prime factors of 282196?
2, 70549
What are the prime factors of 420205?
5, 31, 2711
List the prime factors of 11194955.
5, 59, 137, 277
What are the prime factors of 2813260?
2, 5, 140663
What are the prime factors of 258486?
2, 3, 67, 643
List the prime factors of 3449844.
2, 3, 17, 1879
What are the prime factors of 2752824?
2, 3, 23, 4987
List the prime factors of 193438.
2, 7, 41, 337
List the prime factors of 12616.
2, 19, 83
What are the prime factors of 52644?
2, 3, 41, 107
List the prime factors of 853628.
2, 213407
List the prime factors of 205393.
293, 701
What are the prime factors of 1894275?
3, 5, 8419
List the prime factors of 759935.
5, 11, 41, 337
List the prime factors of 7945671.
3, 2648557
List the prime factors of 1906645.
5, 13, 29333
List the prime factors of 798134.
2, 399067
What are the prime factors of 2657470?
2, 5, 265747
List the prime factors of 622164.
2, 3, 139, 373
List the prime factors of 1698433.
11, 59, 2617
What are the prime factors of 475811?
7, 101, 673
List the prime factors of 4813190.
2, 5, 103, 4673
What are the prime factors of 15288378?
2, 3, 7, 137, 2657
What are the prime factors of 521176?
2, 65147
List the prime factors of 50530.
2, 5, 31, 163
What are the prime factors of 21415?
5, 4283
List the prime factors of 317246.
2, 127, 1249
What are the prime factors of 128670?
2, 3, 5, 4289
What are the prime factors of 1410262?
2, 7, 100733
List the prime factors of 6566642.
2, 41, 73, 1097
What are the prime factors of 1111984?
2, 69499
List the prime factors of 1080634.
2, 397, 1361
What are the prime factors of 1425576?
2, 3, 59399
List the prime factors of 6910987.
257, 26891
List the prime factors of 507198.
2, 3, 84533
What are the prime factors of 372436?
2, 17, 5477
List the prime factors of 6029567.
113, 53359
List the prime factors of 16798831.
7, 19, 126307
List the prime factors of 1967747.
179, 10993
List the prime factors of 1458348.
2, 3, 53, 2293
List the prime factors of 2221969.
2221969
List the prime factors of 7400530.
2, 5, 740053
What are the prime factors of 190847?
139, 1373
What are the prime factors of 3364226?
2, 293, 5741
List the prime factors of 6667365.
3, 5, 43, 10337
What are the prime factors of 1198227?
3, 399409
What are the prime factors of 46292?
2, 71, 163
List the prime factors of 1718568.
2, 3, 23869
What are the prime factors of 575213?
575213
List the prime factors of 1653554.
2, 7, 47, 359
List the prime factors of 19293753.
3, 71, 239, 379
List the prime factors of 104197.
29, 3593
L